- -18?
55011
In base 5, what is 33022314 + 22101?
33044420
In base 9, what is -1 + 34351213?
34351212
In base 4, what is -100332221031031 + 11?
-100332221031020
In base 2, what is 1111 - -10101011111000110100100010?
10101011111000110100110001
In base 12, what is -1a93 - 134?
-2007
In base 2, what is 100001 + -1000101011011111110100?
-1000101011011111010011
In base 2, what is 110 + -110100101110101?
-110100101101111
In base 9, what is 2585 - 7663?
-5067
In base 4, what is 0 - 332223331313?
-332223331313
In base 15, what is 3 - 3275ee3?
-3275ee0
In base 12, what is 276 - 795b7?
-79341
In base 5, what is -31 + -4221413303?
-4221413334
In base 2, what is 10010001100111011111011 - 0?
10010001100111011111011
In base 5, what is -102 + 3103103?
3103001
In base 2, what is -10010011100111101111 - -100101100?
-10010011100011000011
In base 6, what is -240122115 + -4?
-240122123
In base 14, what is -591 + 43a28?
43477
In base 11, what is -9008a - -6930?
-8425a
In base 8, what is -3464531 - 4?
-3464535
In base 14, what is -cc9d23 - -4?
-cc9d1d
In base 3, what is -2011111 - 100120122?
-102202010
In base 5, what is -10 - 10312314212?
-10312314222
In base 15, what is -2 + 376ee94?
376ee92
In base 5, what is -231104204144 - -3?
-231104204141
In base 2, what is -10000111111111111000100101 - 101?
-10000111111111111000101010
In base 10, what is -2542 - -974?
-1568
In base 2, what is -100001011110110110 - 111101001?
-100001100110011111
In base 6, what is -122330402 - 42?
-122330444
In base 4, what is -3021101 - -120101?
-2301000
In base 8, what is 3 - 413004124?
-413004121
In base 5, what is 10241021134 + 1?
10241021140
In base 11, what is 385193 + 12?
3851a5
In base 11, what is -296 + -30410?
-306a6
In base 13, what is -9740 - -311?
-942c
In base 2, what is 111101111000 + 101001111001101?
110001101000101
In base 2, what is 11110111011100 + 101000110110?
100100000010010
In base 15, what is -2074b5a + -b?
-2074b66
In base 4, what is 2303 + 13122102003?
13122110312
In base 12, what is 6 + -4a4a49?
-4a4a43
In base 7, what is 1204 - -45211?
46415
In base 8, what is -1451 - 177604?
-201255
In base 3, what is 111212001202 + -1201?
111212000001
In base 7, what is -3 + -263235242?
-263235245
In base 16, what is -288d26 + a9?
-288c7d
In base 4, what is -10302203222021 + -1?
-10302203222022
In base 16, what is -24fd - 3867?
-5d64
In base 5, what is 21223 + -2442402?
-2421124
In base 16, what is -7c935c - 4?
-7c9360
In base 16, what is 10 - -d74251?
d74261
In base 10, what is 4293 - -1862?
6155
In base 14, what is -a - -22b03d3?
22b03c7
In base 6, what is -1 + 42050205?
42050204
In base 9, what is -60 + -856600?
-856660
In base 11, what is 45548 - -343?
45890
In base 2, what is 1110010 - -10100101000111101100?
10100101001001011110
In base 5, what is -230314424301 + -4?
-230314424310
In base 14, what is a0a - 336?
6b4
In base 14, what is 58 - -15a739?
15a793
In base 12, what is 11 - 9490a99?
-9490a88
In base 15, what is -23 + -b09cb?
-b09ee
In base 12, what is 4 + -864bab6?
-864bab2
In base 6, what is -104542 + 4540?
-100002
In base 12, what is -660b45 + -1?
-660b46
In base 12, what is 2638a880 + 3?
2638a883
In base 3, what is -1012212120202 + 20?
-1012212120112
In base 12, what is 464b9 - 418?
460a1
In base 7, what is -42 + -6214362?
-6214434
In base 14, what is 295 + -318c?
-2cd7
In base 14, what is 7444aa + -a?
7444a0
In base 15, what is 9c66e - 0?
9c66e
In base 15, what is 9c24a8c6 - 1?
9c24a8c5
In base 3, what is -10 + -12000001022220001?
-12000001022220011
In base 2, what is -10001000110 + -10001001011111?
-10011010100101
In base 14, what is 8addd + 2?
8b001
In base 13, what is -12c7 + 193b?
644
In base 11, what is 17 - 4108392?
-4108376
In base 7, what is 3 + -3423565601?
-3423565565
In base 4, what is 12121 + -110130023?
-110111302
In base 12, what is 12 - 34373b?
-343729
In base 10, what is 5381942 + 2?
5381944
In base 10, what is 3610 + -24221?
-20611
In base 13, what is 61468 + -8a?
613ab
In base 5, what is -11222413424 - -11?
-11222413413
In base 14, what is -5 - 44c77?
-44c7c
In base 12, what is 187 + -8000?
-7a35
In base 12, what is -7 + -14a87498?
-14a874a3
In base 8, what is 23553104 - -2?
23553106
In base 8, what is 3 - -257104247?
257104252
In base 12, what is -21466 + -3b?
-214a5
In base 7, what is 11 - 12244261?
-12244250
In base 15, what is b4e6c - d68?
b4104
In base 10, what is 17511 + 635?
18146
In base 6, what is -13145024 - 113?
-13145141
In base 4, what is -1233 + -10310220332?
-10310222231
In base 13, what is 79 + -b4c?
-aa3
In base 9, what is -25 - -7172384?
7172358
In base 15, what is -22a89a9 - -13?
-22a8996
In base 2, what is 1001 - 101101100001110011110?
-101101100001110010101
In base 12, what is 12544 + -261?
122a3
In base 15, what is 2e123a + 2a?
2e1265
In base 13, what is 267bc7a - -2?
267bc7c
In base 9, what is -33 - -324344?
324311
In base 11, what is 250 - -1540a28?
1541178
In base 11, what is 7127576 + 0?
7127576
In base 4, what is 302132113 + 2100?
302200213
In base 6, what is -313344245 - 12?
-313344301
In base 15, what is 6033a - 13d1?
5de59
In base 6, what is 13550 - 50525?
-32535
In base 12, what is 4 - -60b163?
60b167
In base 12, what is 316 + -b8531?
-b8217
In base 15, what is 4 + -63364c?
-633648
In base 4, what is 20022 - -11303?
31331
In base 12, what is 72 + -957b?
-9509
In base 14, what is -d70c - -21?
-d6cb
In base 16, what is e3c + -91?
dab
In base 5, what is -200230122 + -214?
-200230341
In base 8, what is -73055 + -350?
-73425
In base 8, what is -25157304 - -1?
-25157303
In base 6, what is 1503230 + -4323?
1454503
In base 15, what is 10 - -647da?
647ea
In base 3, what is 2111020 + -2212?
2101101
In base 9, what is -22300 - 123?
-22423
In base 8, what is -14536 + 30056?
13320
In base 5, what is 44112 + -321414?
-222302
In base 7, what is -3 + -12202313?
-12202316
In base 5, what is -422130403 - 14?
-422130422
In base 11, what is -22 - -2a31005?
2a30a93
In base 4, what is 2200220122 - -3200?
2200223322
In base 12, what is a26a1a7 - -1?
a26a1a8
In base 5, what is -1034 - 330200200?
-330201234
In base 12, what is -1658071 - 1?
-1658072
In base 12, what is -3 + -a40554?
-a40557
In base 6, what is -1011133035 + 4?
-1011133031
In base 10, what is 6591160 - -5?
6591165
In base 5, what is -243 + -120400331?
-120401124
In base 2, what is -100000100000100011111010 - 11?
-100000100000100011111101
In base 4, what is 23102202 - 12121?
23030021
In base 2, what is 1110010011 - -110010000110001?
110011111000100
In base 5, what is -323 - -440000212?
434444334
In base 13, what is -71 - 8c9c5?
-8ca66
In base 14, what is 6b - 236c6?
-23659
In base 13, what is -219 - -279c?
2583
In base 9, what is -113311045 + -1?
-113311046
In base 2, what is -1001001101 + -1000100100111001100011?
-1000100101000010110000
In base 15, what is 405207 - -1a?
405222
In base 12, what is 4489 - -4306?
8793
In base 3, what is 1200001 - -1002012021121?
1002020221122
In base 3, what is 1 - 212210000210001?
-212210000210000
In base 2, what is -10 - 1111001000110100110001?
-1111001000110100110011
In base 7, what is -66230123 + 5?
-66230115
In base 16, what is 1ea14 - c?
1ea08
In base 6, what is 342055 + 23?
342122
In base 5, what is -123344 + 4144312?
4020413
In base 4, what is -1232312 - 23102?
-1322020
In base 10, what is 2761 + -816?
1945
In base 4, what is -130 - 12200022130?
-12200022320
In base 11, what is 1530827 + -6?
1530821
In base 3, what is 2211121211 - 22101?
2211022110
In base 15, what is -2 + -2856d9?
-2856db
In base 5, what is -42343043 - 2303?
-42400401
In base 13, what is 26c7 - 108ca?
-b203
In base 7, what is 2432240232 - 0?
2432240232
In base 7, what is 364406 - -12301?
410010
In base 9, what is 12 + 420558?
420571
In base 2, what is 101000010010000111 - 101101001?
101000001100011110
In base 12, what is -72250a + -1a?
-722528
In base 4, what is -1133313333122 + -10?
-1133313333132
In base 14, what is -5 - a63d69?
-a63d70
In base 13, what is -90 + 103872?
1037b2
In base 7, what is -3216306 + 4?
-3216302
In base 8, what is -356637 - 0?
-356637
In base 3, what is -211000210 - -112112000?
-21111210
In base 14, what is -13 - -1614aa8?
1614a95
In base 11, what is 16 + -1733a0?
-173385
In base 5, what is -32010011 + 1422?
-32003034
In base 3, what is 11 